= -h**2 + 2*h + 12. Let b(k) = 5*c(k) - 3*v(k). Calculate b(7).
5
Let m = -4 - -10. Let p(t) = -7*t**2 + 22*t - 5. Let k(j) = -3*j**2 + 10*j - 3. Let c(n) = -5*k(n) + 2*p(n). Calculate c(m).
5
Let u(i) be the third derivative of -i**5/60 + i**4/6 + i**3/2 - 348*i**2 + i. Give u(-2).
-9
Let p(v) = 5*v - 20. Suppose -56*u + 12*u + 220 = 0. Determine p(u).
5
Suppose -2*y + 0 = -10. Suppose -63 = -2*d - y*r, 2*r - 58 = -5*d + 68. Let f(h) = 15*h**2 + 8*h**2 - h - d*h**2. Give f(-3).
-6
Let r(b) = -97*b + 26*b + 9 + 18*b + 21*b + 28*b. What is r(4)?
-7
Let m(z) = z**3 - 50*z + 15 - 10 - 7*z**2 - 5 + 41*z. Calculate m(8).
-8
Let k(i) be the third derivative of -5/24*i**4 - 5*i**2 + 1/12*i**5 + 0 + 1/6*i**3 + 1/120*i**6 + 0*i. Suppose -3*o - 2*o - 30 = 0. Calculate k(o).
-5
Let o(r) = -4*r + 5. Let w(j) = 6*j - 6. Let c be w(2). Suppose -2*y - 11 = -3*s, s = -y + 2*y + c. Let u = 11 + y. Give o(u).
-11
Let c(u) = -19*u - 22 + 31*u - 27*u - 4*u**2 + 3*u**2. Calculate c(-14).
-8
Let i(g) = -5*g**2 - 2*g - 2. Let s(w) be the first derivative of -2*w**3 - w**2 - 3*w - 2. Let p(k) = -5*i(k) + 4*s(k). Let b = -4 + 6. What is p(b)?
6
Let o(v) be the third derivative of -1/6*v**3 - 33*v**2 + 0*v + 0 + 1/24*v**4. What is o(-7)?
-8
Suppose 8 = 3*h + 2. Let s(v) = 0*v**h + 5 + 0*v**2 + 28*v + v**3 + 7*v**2 - 22*v. What is s(-6)?
5
Let m = 169 + -168. Let r(k) = -10*k**3 + k**2 + 2*k - 1. Let s(t) = 20*t**3 - 3*t**2 - 4*t + 2. Let o(v) = -5*r(v) - 2*s(v). Give o(m).
10
Let i(t) = -164*t - 56 + 165*t + 60. Let a be (5 + (1 - 1))/(-1). What is i(a)?
-1
Let x(j) = j**2 + 5*j + 1. Let k = -262 + 258. What is x(k)?
-3
Let p(t) = 0*t**2 - 1785 + t**2 + 1781 - 4*t. Let z = 0 - -4. Determine p(z).
-4
Suppose 20*t - 21*t - 34 = 0. Let c = t + 30. Let a(u) = 3*u + 3. Calculate a(c).
-9
Suppose -10*a = -5*z - 6*a + 37, -5*a + 5 = 4*z. Let s(w) = -3 + 7 - 3 - z*w. Give s(-1).
6
Let f be 28/6*(25/10 + -1). Suppose -9*w + 18 = -3*c - 14*w, -w - f = 4*c. Let g(t) = 20*t**2 - t - 1. Calculate g(c).
20
Suppose 2*p - 5*n - 25 = 4*p, -15 = 5*n. Let r(c) = -2*c - 3. Determine r(p).
7
Let w(u) = -2*u + 1 - u**2 - 3 + 0. Let t(r) = r**2 + r - 4. Let x be t(3). Let n = x + -10. Give w(n).
-2
Let w(x) = 1 + x + 4 + 3*x. Let s(g) = g**2 - 5*g - 6. Let b be (3 + -4)*(3 + 2). Let l(i) = b*s(i) - 6*w(i). Give l(1).
-4
Let o(d) = 7*d**2 + 2*d + 1. Let w be (10/7 + -2)*14/(-4). Suppose 0 = -4*j + w - 6. Determine o(j).
6
Suppose -2*o = 3*o - 35. Suppose 3*w + 7 = -k, -5*w + k + 2*k = -o. Let h(s) = -3 + 6*s + 1 + 5 - 2. Calculate h(w).
-5
Suppose 0 = i + 4*i - 4*x - 18, -i + 3 = -x. Suppose -i*u - 22 - 14 = 0. Let q(l) = -l**2 - 5*l + 4. What is q(u)?
-2
Suppose 3*u + 2*c = 16, 0*u - 4*u + 40 = -2*c. Suppose 0 = -v + u*v - 21. Let t(h) = -h**3 + 3*h**2 + 4*h - 3. Determine t(v).
9
Let k(b) = b. Let h(v) = 7*v. Let x(r) = h(r) - 6*k(r). Let w be (-1 - 0)*(-3 - -18). Let g be -5*3/(w/5). Calculate x(g).
5
Let r(m) = -m. Let c(b) = -b + 3. Suppose 10 = 2*q - 4*f, 8*q = 3*q + 3*f + 11. Let n(y) = q*c(y) - 4*r(y). Let z = 519 + -516. Give n(z).
12
Suppose 0 = -6*k + 40 - 16. Suppose k*b = 2*b + s + 11, 18 = b - 3*s. Let w(h) = -h**3 + 3*h**2 - 1. Calculate w(b).
-1
Let b be (30/4)/((-7)/2 + 4). Suppose -b = -6*z - 57. Let k(h) = 2*h + 5. What is k(z)?
-9
Suppose -5*a = 3*o + 21, -a = -3*a - 4*o. Let h(y) be the first derivative of y**2/2 + 12*y - 118. Give h(a).
6
Let w(u) = 5 + 2*u**2 - 3*u**2 + 2*u - 6*u. Suppose 15 = 24*k - 27*k. Determine w(k).
0
Let f(z) = -3*z + 388*z**2 - z**3 - 2 - 397*z**2 - 4*z. Calculate f(-8).
-10
Suppose 21*l - 75 = 9. Let s(b) = b**2 - b - 13. Calculate s(l).
-1
Let y be (-1)/(1/(-4)) + -1. Suppose -y*x = -11 + 2. Let c(t) = t**3 - 3*t**2 + t - 4. Calculate c(x).
-1
Suppose -3*h + 4*g + 49 - 9 = 0, -5*g = -3*h + 44. Let p(c) = -c**2 + 9*c + 1. Give p(h).
9
Let b(u) = u**2 - 3*u - 7. Let l = -203 + 196. Suppose 2*r - o = -3*r - 23, 5*o + 25 = -3*r. Let g be r/((-4 - l)/(-3)). Calculate b(g).
3
Suppose 39 = 41*f - 2. Let m(t) = 0*t + 12*t + 0 + 1. What is m(f)?
13
Let v(a) = a**2 + a + 1. Let u(g) = 2*g**3 + g**2 + 3*g + 7. Let b(t) = -u(t) + 5*v(t). Calculate b(3).
-14
Let t(g) = g**2 + g - 3. Suppose -5*u = -2*q - 6, -q + 0*q - 3 = 2*u. Suppose 0 = 2*z - 30 + 4. Suppose 14*y - z*y = u. What is t(y)?
-3
Let c be -6 + (-3 + 7)*-1. Let h(o) = o + 19. Let r be h(c). Suppose -q + 2*q = -3, 3*i - 4*q = r. Let z(n) = 6*n**3 + 1. Determine z(i).
-5
Let b = -274 - -267. Let h(u) = -u**2 - 7*u - 6. Determine h(b).
-6
Suppose -9 = -h - 2*d, 2*h + 10 = 2*d - 2. Let m(t) = -3*t**3 + 3*t**2 + 2*t - 1. Give m(h).
3
Let t(n) = 3*n**2 + 10*n + 4. Let c(z) = z**2 + 7*z - 3. Let l(m) = m**2 + 6*m - 2. Let x(f) = 3*c(f) - 4*l(f). Let i(u) = -3*t(u) - 8*x(u). Determine i(-5).
1
Let w(b) = b + 13. Let r be w(-9). Suppose r*o + 15 = 5*k, 4 = -o - 4*k - 5. Let f(v) = -v**2 - 4*v - 4. Give f(o).
-9
Let r be (-2)/4 + 7/2. Let n = 46 - 44. Suppose 5*h = -3*l - 29, -r*h + 3*l + 5 = -n*h. Let z(a) = a**2 + 4*a - 3. Calculate z(h).
-3
Let b = 11 - 9. Let h(g) = 2*g**3 - 8 + 3 + 2*g + b - 2*g**2. Calculate h(2).
9
Let r(t) = 7*t**3 + 5*t**2 - 6*t - 1. Suppose 2 - 4 = -2*i. Let g(z) = z - 2 - z**2 + 3*z**3 + 3 - 13*z**3 + 9*z**3. Let l(x) = i*r(x) + 6*g(x). Give l(0).
5
Let y(g) = g**2 + 3*g + 4. Suppose 0 = t - 4 + 10. Let z be ((-16)/t)/(22/(-33)). Calculate y(z).
8
Let o be 12/(-5 + 4 + -1). Let q(j) = -6 + 5*j - j**2 + j**2 - 1 + j**2. Give q(o).
-1
Let u be 1/((-28)/(-63) - 3/9). Let s(p) = 2*p - 23. Determine s(u).
-5
Suppose 0 = -5*v + 939 - 964. Let j(h) = 4*h + 23. What is j(v)?
3
Let k(z) = -z**2 - z + 2. Let j be -3 - 15/(-7 - -4). Give k(j).
-4
Let u(g) = g + 5. Suppose 7 = -4*a + 3. Let h be -11 + (a - -2) + -12 + 15. Give u(h).
-2
Let o = -3 + 2. Let y(t) = -4*t**2 - 5*t - 4. Let k(h) = h**2. Let v(g) = o*y(g) - 3*k(g). Determine v(-3).
-2
Suppose -2*x - 16 = 2*t - 100, -3*x + 91 = -4*t. Let d(w) = 16*w + 66 - x - 29. What is d(-1)?
-16
Let w(d) = 8*d**3 + 1. Let n = -476 + 477. Calculate w(n).
9
Let q(w) = 3 + 4*w - w - w**2 + 1. Let c(z) = -3*z. Let h be c(-2). Suppose -31 = -h*t - 7. What is q(t)?
0
Suppose -4*m + 2 = -6. Let t(x) = m*x - 2*x + 12 - 16 + x. Let n(j) = -2*j + 1. Let d be n(-2). Calculate t(d).
1
Suppose -37 = -7*d + 54. Let b = d + -17. Let i(w) = w**2 + 4*w - 5. Give i(b).
-5
Let r(i) = i**3 + 9*i**2 - 137*i - 10. Let n be r(-17). Let x(f) = -f**2 + 6*f - 6. Determine x(n).
-13
Let k = 22 - 18. Suppose -k = -0*j - j. Suppose j*q = -5*l + 15, -2*q + 4*q + 12 = 4*l. Let a(s) = -s**3 - s + 7. Calculate a(q).
7
Let m(r) = 3*r + 12 + 6*r + 4*r - 13. Determine m(-1).
-14
Let k(s) = s**3 - 2*s**2 - 2*s + 1. Suppose 6*b - 113 + 101 = 0. Determine k(b).
-3
Let j(i) = -i**3 + 6*i**2 + 23*i - 47. Let o be j(8). Let z(b) = 2*b - 33. Let x(v) = v - 17. Let s(c) = 7*x(c) - 4*z(c). Calculate s(o).
4
Let r(o) = o**2 - 5*o - 5. Let n be ((-24)/18)/(4/(-24)). What is r(n)?
19
Let z(f) be the first derivative of 13 + 7*f + 1/2*f**2. Calculate z(-6).
1
Let s(d) = -3*d + 4. Let p(x) = 2*x - 5. Let z(j) = 3*p(j) + 4*s(j). Let m be 15/(-20) - (-15)/4. Suppose -t = m*l + 2*t - 21, 2*t = -4*l + 18. Give z(l).
-11
Suppose -9 = 4*p - 3*d, -4*p - 2*d - 24 - 10 = 0. Let s(a) be the third derivative of a**6/120 + a**5/12 - 7*a**4/24 - a**3 - 21*a**2. What is s(p)?
0
Let g(a) = -7*a**3 - a**2 + a + 1. Let d(c) = 2*c**3 + 4*c - 1. Let m be d(2). Let s = 22 - m. Give g(s).
6
Let w be -4 + 0 - (8 + -15). Let p be -1 + (-4)/((-12)/9). Let q(v) = v - p - 2 - 3. Give q(w).
-4
Let w(z) = -z**3 + 10*z**2 + 12*z + 10. Let b(i) = i**3 - 10*i**2 - 11*i - 11. Let y(v) = 4*b(v) + 3*w(v). Give y(11).
19
Let r be (-92)/(-3) - (-4)/(-6). Let s = r + -28. Let v(x) = -2*x**2 - 5*x. Let u(t) = 8*t**2 + 21*t + 1. Let o(k) = -2*u(k) - 9*v(k). What is o(s)?
12
Suppose 8 = 8*q - 0. Let c(k) = -k**3 - q + 39*k + 48*k - 93*k + 7*k**2. What is c(6)?
-1
Let k(w) = -19*w + 74. Let r be k(4). Let j(v) = 5*v. Determine j(r).
-10
Let n = -15 - -19. Let p(v) = -v**2 + v + 1. Let h(u) = -4*u**2 + 7*u + 8. Let y(f) = -h(f) + 3*p(f). What is y(n)?
-5
Let p(q) = q**3 - 3*q**2 + 1. Let k(g) = 11*g - 29. Let f(r) = 5*r - 14. Let m(d) = -7*f(d) + 3*k(d). Let t be m(4). Calculate p(t).
1
Let g(p) = -23*p**2 + 0 - 19*p**3 + 8*p**